s divided by (-65)/r - 2/9?
3
Let c be ((-5)/2)/(1/26). Let d = c - -79. Calculate the remainder when d is divided by 10.
4
Suppose 0 = l - 4*l + 66. Let w = l + -18. What is the remainder when 64 is divided by 65/10*w/2?
12
Suppose 0 = -4*q - 16, -46 = o - 3*o + 4*q. Let k = 822 + -764. What is the remainder when k is divided by o?
13
Let z(t) = -t**3 - 18*t**2 - 16*t + 17. Let v be z(-17). Suppose v = -4*n + r + 19, 3 = 4*r - 1. Calculate the remainder when 7 is divided by n.
2
Let w = 18 - 10. Let d be 1/(-6) + (-92)/24. Let g(s) = -5*s + 1. What is the remainder when g(d) is divided by w?
5
Let y = -2 + 50. Let o = -25 + y. Calculate the remainder when 40 is divided by o + (-4 - -2 - 0).
19
Let x(q) = q**2 - 2*q. Let y be x(0). Calculate the remainder when 54 is divided by (-305)/(-20) + y + 2/(-8).
9
Suppose 5*q = 5*s - 245, 6*q + 55 = s + 2*q. Calculate the remainder when 279 is divided by s.
44
Suppose 0 = k - 2*k + 2. Suppose s - 14 - 46 = 0. Suppose 4*m = k*m + s. Calculate the remainder when m is divided by 16.
14
Suppose 4*o = -0 + 220. Suppose -60 - o = -5*a. Let k = -9 - -77. What is the remainder when k is divided by a?
22
What is the remainder when 371 is divided by 2/16*0 - -5*3?
11
Suppose -2 + 44 = -2*n. Let p = n - -32. Suppose 494 - 154 = 17*q. Calculate the remainder when q is divided by p.
9
Let t(w) = w - 3. Let y be t(3). Suppose 56 = -y*c + c. Suppose -4*a - 2*n - 2*n + c = 0, 63 = 5*a - 2*n. Calculate the remainder when 49 is divided by a.
10
Let k = 52 + -53. What is the remainder when k/(-2) + (-1068)/(-8) is divided by 34?
32
Calculate the remainder when (-15)/((44/(-36))/11) is divided by 35.
30
Suppose i - 3 - 11 = 0. Suppose -75*u - 130 = -80*u. What is the remainder when u is divided by i?
12
Suppose 0 = -4*h + 2*x + 10, 3*x = -5*h + 2*x + 23. Calculate the remainder when h/2 - (0 - (-3 + 68)) is divided by 35.
32
Let l(q) = 2*q**2 - 28*q + 40. Suppose -4*a - a = -65. Calculate the remainder when 35 is divided by l(a).
7
Suppose -2*d + 4 = 0, 5*w - 2990 = d + 418. What is the remainder when 118 is divided by ((-6)/4)/((-93)/w)?
8
Suppose k - 3*x = 0, 5*x = 2*x + 3. Suppose -k*b = -4*b + 22. Let m = b + -7. Calculate the remainder when 28 is divided by m.
13
Let f = -44 - -46. Suppose f*v - 32 = -2*s - 12, 2*s - 21 = -v. Calculate the remainder when s is divided by 9.
2
Let c = 14 - 14. Suppose 15 = -c*q + 3*q. Suppose 0 = h - q - 12. What is the remainder when h is divided by 10?
7
Let l(v) = -v**3 - 9*v**2 - v + 7. Let o be l(-9). Calculate the remainder when 53 is divided by (-3 - (-4 - o)) + -3.
11
Suppose -2*t - 2 = 0, f - 17 = 5*t - 5. What is the remainder when f is divided by 2?
1
Calculate the remainder when (-888)/16*3/9*-164 is divided by 33.
31
Suppose 5*w = -15, -h - 3 = w + 7. Let i(g) = -3*g**2 - 8*g - 10. Let b be i(h). Calculate the remainder when 6/(-33) + b/(-11) is divided by 4.
1
Let m be 29/(-4) + 7/28. Let i(g) = g**2 + 6*g + 24. What is the remainder when i(m) is divided by 11?
9
Let n be 4/20*(-10)/(-4)*-24. What is the remainder when 106 + -1 + (-1)/1 is divided by ((-20)/(-16))/((-1)/n)?
14
Suppose y = m - 4*y - 26, 2*y = 5*m - 15. Let u = m - -29. Suppose -o = o - u. Calculate the remainder when 43 is divided by o.
13
Let r(l) = 2*l**2 - 6*l + 1. Let a be r(7). Let h = a + -39. What is the remainder when h is divided by (-9)/(-12) - 25/(-4)?
4
Let a(i) = i**2 + 20*i + 120. Calculate the remainder when a(-22) is divided by 19.
12
Let w be (-2 + 0)*-149 + 2. Suppose -5*b = 3*m - 358, 0*m - w = -4*b + m. What is the remainder when b is divided by 38?
36
Let z(b) = -2*b**3 + b**2 + b + 1. Let i be z(-1). Suppose 2*n + 32 = 2*r, 2*n = r - i*n - 24. What is the remainder when 80 is divided by r?
10
Let s(d) = d**3 - 6*d**2 - d + 11. Let f = -19 + 36. What is the remainder when f is divided by s(6)?
2
Let n = 441 - 411. Calculate the remainder when 80 is divided by n.
20
Suppose -11*q = 2199 - 19403. What is the remainder when q is divided by 54?
52
Let t(f) be the second derivative of f**5/20 + 11*f**4/12 + 7*f**3/6 + f. Calculate the remainder when t(-10) is divided by (6/9)/(5/120).
14
Let j = -582 - -626. Calculate the remainder when 90 is divided by j.
2
What is the remainder when 4*(-1)/32 - (-626)/16 is divided by 8?
7
Suppose -f = 4*g - 684, -4*f = -4*g + 340 + 324. What is the remainder when g is divided by 18?
8
Let i = -25 + 27. What is the remainder when 2/(-4) - (-133)/i is divided by 23?
20
Suppose 5913 - 577 = 58*h. Calculate the remainder when h is divided by 34.
24
Let q(b) = -2*b**2 - 2*b + 50. Let x be q(0). Let z = x - 33. Calculate the remainder when 66 is divided by z.
15
Let p be ((-26)/(-26))/((-1)/(-109)). Suppose -6*o - 7 = -p. What is the remainder when (3/1)/3 + 65 is divided by o?
15
Suppose -2*w = -37*w + 490. Calculate the remainder when 218 is divided by w.
8
Let n(p) = -p**3 - 7*p - 29. What is the remainder when 35 is divided by n(-3)?
16
Suppose 68*o - 6 = 67*o. Suppose -4*a + 7*b - o*b + 31 = 0, -25 = -5*b. What is the remainder when 31 is divided by a?
4
Suppose 3*t = 2*x - 83, -3*t = -2*x + 5*x - 117. Calculate the remainder when 195 is divided by x.
35
Suppose -26 = 8*q - 242. What is the remainder when q is divided by 7?
6
Let g(j) = -j**3 + 14*j**2 - 18*j - 4. Let z = -13 + 28. What is the remainder when z is divided by g(2)?
7
Suppose -5*i = -156 + 76. Suppose 4*s - i*s = -240. Calculate the remainder when 60 is divided by s.
0
Let u(i) = 382*i - 244. Calculate the remainder when u(4) is divided by 129.
123
Suppose 3*l = -13 + 70. Suppose -l = -4*t + 5. Calculate the remainder when (-3)/4*(-33 - -5) is divided by t.
3
Suppose -5*z - 3 = -18. Suppose -4*y + 2*y + 9 = p, z*p + y = 12. What is the remainder when 3 is divided by p?
0
Let n = -11 - -35. Suppose -2*m - 5*k = -83, 5*m - 3*k - 191 = k. What is the remainder when m is divided by ((-10)/(-6))/((-2)/n*-2)?
9
Suppose -30*h + 496 = 76. What is the remainder when 83 is divided by h?
13
Let y(a) = -a**2 + 22*a - 35. Let z be y(20). Suppose 0 = -3*p + b + 464, -3*p = -z*b + 145 - 617. Calculate the remainder when p is divided by 12.
10
Let u = 2150 + -2118. Calculate the remainder when 475 is divided by u.
27
Let m(c) = c**3 + 5*c**2 - 27*c - 14. Calculate the remainder when 14 is divided by m(-8).
4
Let t(k) = -k**2 + 3*k. Let o be t(-2). What is the remainder when (o/(-3))/(4/18) is divided by 8?
7
Let r = -13 + 11. Let v(g) be the third derivative of -g**6/120 - 7*g**2. Calculate the remainder when 46 is divided by v(r).
6
Suppose 10 = -3*a - 41. Let h = 21 + a. Calculate the remainder when 18 is divided by h.
2
Let s(f) = 4*f**3 + 3*f**2 - 5*f + 3. Calculate the remainder when 92 is divided by s(1).
2
Suppose -p - 5 = 5. Let b = -20 + 14. Let j = b - p. What is the remainder when j is divided by 3?
1
What is the remainder when 3/((-18)/386)*42/(-14) is divided by 41?
29
Let j = -30 + 16. Let m be -2 - (-7)/(j/(-4)). What is the remainder when 115 is divided by -3 + 32 - m/(-6)?
28
Let z = 164 - 131. Calculate the remainder when z is divided by 11.
0
Let f = 63 - 60. Suppose -75 = -f*b + 5*y, -2*y = -3*y. What is the remainder when 49 is divided by b?
24
Suppose 2*b + 225 = 4*q - 777, 0 = 2*q + 2*b - 504. Calculate the remainder when q is divided by 83.
2
Suppose 0 = -t - f + 23, 5*t + 15 = 6*t - f. Calculate the remainder when 25 is divided by t.
6
Let i(b) = -b**2 - 9*b + 12. Let y(t) = t**3 + 11*t**2 + 7*t + 2. Calculate the remainder when y(-8) is divided by i(-8).
18
Let s be (-12 + -3)/5 - (-1 - 4). Suppose 0 = 3*y - g - 199, s*g + 126 = 2*y - 0*y. What is the remainder when y is divided by 24?
20
Suppose -3*j = -158 - 304. Let g = j + -141. Suppose -2*h - q + 100 = 0, -5*h - 2*q = q - 249. What is the remainder when h is divided by g?
12
Let d = 60 - 22. Let y = -6 + 18. Calculate the remainder when d is divided by y.
2
Let i = -20 - -25. Let t(v) = -5*v**2 + 32*v - 4. What is the remainder when t(i) is divided by (-90)/(-8) - 1/4?
9
Suppose -4*d = -3*f - 1395, -2*d - 5*f = -2*f - 711. Suppose h = 6*h + r - 465, 4*h + 5*r = d. What is the remainder when h is divided by 1 + (-2)/(2/(-23))?
22
Let x = -46 + 72. Let b(n) = 6*n - 14. Let q be b(7). Suppose 2*s - q + 0 = 0. Calculate the r